v = k - -60. List the prime factors of v.
7
Suppose -46*s - 15204 = -58*s. What are the prime factors of s?
7, 181
Let s(c) = -40*c + 2. List the prime factors of s(-11).
2, 13, 17
Let l(z) = 12*z**2 - 101*z + 23. What are the prime factors of l(14)?
31
Let z = -22 - -25. Let b be 15/(z*(-3)/9). List the prime factors of (-579)/(-15) + (-6)/b.
3, 13
Let n(u) = 3*u + 25. Let o be n(0). Let g = 25 - o. Suppose 6*p - 128 + 8 = g. List the prime factors of p.
2, 5
Suppose -3*y - 36 = -4*h + 2*h, 71 = 5*h + 2*y. Suppose -2*m + 63 = -h. List the prime factors of m.
3, 13
Let q be (-3)/((-3)/8*-2). Let x(f) = -32*f + 45. Let w be x(-5). What are the prime factors of 6/q - w/(-10)?
19
Suppose 3251 = u - 2*p, -9*p = -2*u + 4*u - 6437. List the prime factors of u.
7, 463
Suppose b - 31 = -j + 6*b, -3*j + 3*b + 33 = 0. Suppose -3*a = -j*a + 750. Suppose 0 = 4*l - 9*l + a. What are the prime factors of l?
2, 5
Suppose -3*a = -4*a + 2319. Suppose -11*p - 790 + a = 0. List the prime factors of p.
139
Let p(o) = o**3 - 7*o**2 + 13*o - 25. Let h be p(5). Let z = -36 + 51. Let m = h + z. What are the prime factors of m?
5
Suppose -136*j - 3972 = -142*j. What are the prime factors of j?
2, 331
Suppose 0 = -5*a - 25, -60 = -5*w + 3*a + 35. Suppose -3*m = -3*p - 91 + w, -m = p - 33. List the prime factors of m.
29
Let x be (1 - 2) + -3 + -16 + 3. Let j = 86 + x. What are the prime factors of j?
3, 23
Suppose 270178 - 34456 = 102*v. List the prime factors of v.
2311
Let r = -83 - -147. Suppose 2*y - 5*h - 124 = 0, -r = -0*y - y + 2*h. List the prime factors of y.
2, 3
Suppose 113 = 2*h - 89. Let n = 277 + h. Suppose -10*i + i = -n. List the prime factors of i.
2, 3, 7
Let b(i) = -7*i + 5. Let z(m) = -m + 1. Let h(x) = -b(x) + 6*z(x). Let q be h(3). Suppose -g - q*d = 4*g - 262, 5*d + 64 = g. List the prime factors of g.
2, 3
Let c be 58/(-10) + (-7)/35. Let n be 18/c - (-5 + 1). Let u(s) = 43*s**3 + s**2 - 1. What are the prime factors of u(n)?
43
Let n = -17 + 17. Let m be (-6)/18*(-12 + n). Suppose m*x + 19 = 5*x. What are the prime factors of x?
19
Let v(m) = 101*m**3 + 4*m**2 + 2*m + 2. Let b(i) = 102*i**3 + 5*i**2 + 3*i + 3. Let z(w) = -2*b(w) + 3*v(w). What are the prime factors of z(1)?
101
Let b(i) = -2*i**2 - 1. Let y be b(-1). Let u be 4 + (-2 - 0/y). Let g(r) = r + 2. List the prime factors of g(u).
2
Let p(i) = -i**3 + i**2 + 3*i - 3. Let z be p(3). Let o = z + 12. Suppose 50 = -o*y + 2*y. What are the prime factors of y?
5
Suppose -2*w = 11 - 15. What are the prime factors of (27/(-2))/(6/4 - w)?
3
Suppose -12*o - m - 2023 = -17*o, -5*o + 2035 = 5*m. List the prime factors of o.
3, 5
Let o be 57 - 4*(2 - 3). Suppose -1 = -4*v - o. Let m = 50 + v. What are the prime factors of m?
5, 7
Let n(g) = g**2 + 16*g + 28. Let f be n(-13). Let m = 13 + f. Suppose -b + 6 - 1 = 0, m*b = -2*x + 106. What are the prime factors of x?
2, 3
Let o(l) = -l - 12. Let q be o(8). Let u = -20 - q. Suppose u = 5*f - 13 - 147. List the prime factors of f.
2
List the prime factors of (17276/(-70))/((-4)/10).
617
Let n(t) be the third derivative of -t**6/120 - t**5/30 + t**4/6 - 7*t**3/6 + 51*t**2. What are the prime factors of n(-5)?
2, 3
Suppose 31 + 91 = 2*g. Suppose -59*h + g*h - 146 = 0. List the prime factors of h.
73
Let p = 8 - 4. Suppose -88 = p*h - 448. List the prime factors of h.
2, 3, 5
Let r(y) = -3 + 0*y + 0*y**2 - 14*y + 4*y**2 - 5*y**2. What are the prime factors of r(-10)?
37
Let z(h) = -h**3 + 8*h**2 - 7*h + 5. Let r be z(7). Suppose g + 514 = r*d - g, 4*g - 532 = -5*d. What are the prime factors of d?
2, 13
Suppose 0 = -3*d + 2*y + 15, 6*d - d + 4*y - 3 = 0. Suppose -i + 196 = -4*r + d*i, -r - 5*i = 55. Let w = r + 98. List the prime factors of w.
2, 3
Let y(h) = -h**3 + 3*h**2 + 2*h + 8. Let v be y(4). Suppose -2*m - m = -3*l - 243, v = l + 4. List the prime factors of m.
7, 11
Suppose -3*r + 71 = -2*k, -5*k - 2 + 66 = 3*r. Let x = 29 + r. Suppose w = -15 + x. What are the prime factors of w?
37
Suppose 12*d - 6*d = 18. Suppose n - a = 51, d*n + 2*n - 231 = -a. What are the prime factors of n?
47
Let z(i) = 4*i**2 - 40*i + 33. List the prime factors of z(18).
3, 7, 29
Suppose -2*w + 1848 = 4*h - 6*w, 0 = 2*h - 4*w - 922. List the prime factors of h.
463
Suppose -v = 5*z - 1165, -3*z + 417 = -2*v - 282. List the prime factors of z.
233
Let i(j) = j**2 + 4. Let c be i(0). Let x be c*12/64*4. Suppose -x*v + 47 + 85 = 0. List the prime factors of v.
2, 11
Let b(l) = 2*l - 8. Let o be b(6). Suppose -3*x - c + 118 = -3*c, -x = -o*c - 56. Suppose -5*d = 5, -x + 159 = 5*j + 2*d. What are the prime factors of j?
5
Let d(n) = 9*n**2 - 7*n. Let z be d(4). Let b = z - 20. List the prime factors of b.
2, 3
Suppose x + 6 - 17 = -z, 2*z = x + 37. Let y = 22 + -16. Let w = z + y. List the prime factors of w.
2, 11
Let k = -1756 + 2450. List the prime factors of k.
2, 347
Let n = 2829 + -1744. What are the prime factors of n?
5, 7, 31
Let s(d) = 2*d - 1. Let o be s(2). Let u be -1428*1 - -1 - o. List the prime factors of (-4)/(-18) - u/45.
2
Suppose 6*c + t - 3104 = 0, -2*c + 2*t = 3*c - 2598. What are the prime factors of c?
2, 7, 37
Suppose n = 4 + 1. Suppose -5*q - n = -5*j, -j - q + 7 = 2*j. Suppose -4 = j*k, 5*k - 4*k = 5*b - 77. What are the prime factors of b?
3, 5
Suppose 0 = -10*y + y + 3078. List the prime factors of y.
2, 3, 19
Let g = -48 - -57. Suppose 0 = -g*r + 4*r + 115. List the prime factors of r.
23
Suppose -3*u + 35 = 2*u. Suppose -4*h = -u*h + 387. What are the prime factors of h?
3, 43
Let u be ((-108)/40 - (-2)/10)*-2. Suppose -3*g + 13 = p - 13, 3*g = u*p - 202. List the prime factors of p.
2, 19
Suppose -c = 4*v - 104 + 58, -2*c + 3*v = -48. What are the prime factors of c?
2, 3, 5
Suppose 11898 = 557*g - 539*g. What are the prime factors of g?
661
Let k = -4106 - -8297. List the prime factors of k.
3, 11, 127
Suppose 5*c - 311 - 454 = 2*d, 640 = 4*c + 4*d. List the prime factors of c.
5, 31
Let y(n) = -n**3 - 26*n**2 - 10*n + 5. List the prime factors of y(-26).
5, 53
Let l(x) = -76*x + 26. Let z be l(6). Let g = z + 606. What are the prime factors of g?
2, 11
Let b(h) = 32*h - 73. Suppose 4*w - 33 - 11 = 0. List the prime factors of b(w).
3, 31
Let a be -6*(6/9 + -1). Suppose -319 = -4*t + o - 6*o, -3*o + 313 = 4*t. Suppose -t = 4*w - 8*w - 4*p, 44 = a*w + 4*p. List the prime factors of w.
2
Let z(y) = -5*y**2 + 25*y + 23. Let f(k) = -3*k**2 + 17*k + 15. Let a(n) = -8*f(n) + 5*z(n). What are the prime factors of a(-9)?
13
Let t be ((-28)/(-10))/((-2)/(-10)). Let w(m) = m**3 - 14*m**2 + 2*m + 4. Let a be w(t). Suppose -4*v - a + 224 = 0. List the prime factors of v.
2, 3
Let o(s) = 4*s - 13. Let q be o(10). Suppose -p - 2*p + q = 3*j, 3*p = -4*j + 26. What are the prime factors of p?
2, 5
Let j = 439 - -202. List the prime factors of j.
641
Suppose -2*v - 32 = -j, 5 + 3 = 2*j. What are the prime factors of (-1 + 0)*(v - 1)?
3, 5
Let v = -38 + 35. Let g(o) = 12*o**2 - o - 6. What are the prime factors of g(v)?
3, 5, 7
Suppose 5*y + 427 + 48 = 0. Let z = -320 - -278. Let v = z - y. List the prime factors of v.
53
Suppose -z + 3 = 9. Let f be (-2 - 0) + (-4 - z). Suppose f = -3*b + 23 - 5. What are the prime factors of b?
2, 3
Let n = 8 - 6. Suppose 0 = -5*t + 2*f - 7*f - 170, 0 = -n*f - 8. Let o = -19 - t. What are the prime factors of o?
11
Suppose -502*i = -498*i - 1208. List the prime factors of i.
2, 151
Let m = 36 + -24. Let j(k) = -5*k**2 - 4*k + m*k + 6*k**2 + 11. What are the prime factors of j(-8)?
11
Let o be 100/(-8)*-2 + -3. Suppose k = -0*k + o. What are the prime factors of k - (1 - (1 - -3))?
5
Suppose -42 = 2*o - 4*u - 118, 0 = 3*u + 15. Let k = o + -21. List the prime factors of 1 + (-7)/(k/(-4)).
5
Suppose 3*j - 2117 = -h, 4*j = -4*h + j + 8432. What are the prime factors of h?
5, 421
Let z(k) = 3*k + 4 + 2*k**3 - 3*k**3 - 65*k**2 + 63*k**2. Let p be z(-3). Suppose 55 = 5*i + 2*f, p*f + 8 = 2*i - 14. What are the prime factors of i?
11
Let w(y) = -y**3 - 19*y**2 + 8*y. Let b be w(-20). Suppose -4*z - 100 = -3*v + 101, 4*z = -4*v + b. What are the prime factors of v?
3, 7
Let o(r) = -166*r - 149. List the prime factors of o(-17).
3, 11
Let y = -39 + 78. Let g = y + -193. List the prime factors of 8/(-16) + g/(-4).
2, 19
Let b(o) 